6?
False
Does 31 divide 204?
False
Is 180 a multiple of 60?
True
Is 9 a factor of 1152?
True
Is 10 a factor of 456?
False
Does 6 divide 20235?
False
Does 12 divide 31367?
False
Is 31866 a multiple of 339?
True
Is 50 a factor of 250?
True
Does 12 divide 3892?
False
Is 4565 a multiple of 225?
False
Is 18 a factor of 1371?
False
Is 15998 a multiple of 9?
False
Is 3 a factor of 626?
False
Is 210 a multiple of 5?
True
Is 4257 a multiple of 43?
True
Is 233 a multiple of 88?
False
Is 51 a multiple of 9?
False
Is 3654 a multiple of 63?
True
Is 26 a factor of 510?
False
Is 32 a factor of 2656?
True
Is 65 a factor of 1560?
True
Is 1621 a multiple of 40?
False
Is 18 a factor of 918?
True
Does 187 divide 26786?
False
Does 85 divide 3744?
False
Does 15 divide 705?
True
Does 43 divide 6331?
False
Is 90976 a multiple of 32?
True
Is 30 a factor of 6330?
True
Is 3169 a multiple of 27?
False
Is 13 a factor of 20799?
False
Is 46094 a multiple of 38?
True
Is 18676 a multiple of 7?
True
Is 15 a factor of 120?
True
Does 49 divide 5051?
False
Does 8 divide 2834?
False
Is 3190 a multiple of 88?
False
Is 20 a factor of 1160?
True
Is 3 a factor of 232?
False
Does 30 divide 528?
False
Is 55 a factor of 30745?
True
Is 18 a factor of 33048?
True
Is 2 a factor of 200?
True
Is 72 a factor of 2520?
True
Is 82 a factor of 7969?
False
Does 82 divide 4920?
True
Does 16 divide 7581?
False
Is 2240 a multiple of 77?
False
Is 951 a multiple of 77?
False
Is 12 a factor of 27571?
False
Is 59 a factor of 2655?
True
Does 52 divide 5093?
False
Does 26 divide 1118?
True
Does 71 divide 68444?
True
Is 60 a factor of 2948?
False
Is 69 a factor of 21937?
False
Does 20 divide 60?
True
Does 2 divide 1069?
False
Is 217 a factor of 31823?
False
Is 34 a factor of 2979?
False
Is 9 a factor of 126?
True
Is 45 a factor of 798?
False
Is 8666 a multiple of 32?
False
Is 3 a factor of 48?
True
Is 1287 a multiple of 39?
True
Is 175 a multiple of 7?
True
Does 2 divide 362?
True
Does 5 divide 1713?
False
Does 8 divide 416?
True
Is 44361 a multiple of 63?
False
Is 51 a factor of 357?
True
Does 4 divide 22?
False
Is 56 a factor of 57111?
False
Is 22 a factor of 219?
False
Is 12330 a multiple of 21?
False
Does 14 divide 17370?
False
Does 7 divide 129?
False
Does 83 divide 5893?
True
Is 167 a factor of 51450?
False
Does 270 divide 65218?
False
Does 20 divide 817?
False
Does 46 divide 1149?
False
Does 27 divide 1405?
False
Is 62 a factor of 23106?
False
Is 2580 a multiple of 185?
False
Is 5 a factor of 171?
False
Is 783 a multiple of 9?
True
Is 12 a factor of 900?
True
Is 5 a factor of 16190?
True
Is 9996 a multiple of 34?
True
Is 4281 a multiple of 78?
False
Is 870 a multiple of 58?
True
Is 11 a factor of 6358?
True
Is 89 a factor of 6768?
False
Does 3 divide 3548?
False
Does 42 divide 11088?
True
Is 2640 a multiple of 16?
True
Is 18073 a multiple of 11?
True
Does 139 divide 3352?
False
Is 2942 a multiple of 99?
False
Does 15 divide 3079?
False
Is 38 a factor of 17297?
False
Is 22968 a multiple of 54?
False
Is 17 a factor of 2261?
True
Is 13913 a multiple of 51?
False
Is 423 a multiple of 19?
False
Is 21 a factor of 30009?
True
Is 51 a factor of 11125?
False
Does 100 divide 10400?
True
Is 15387 a multiple of 9?
False
Is 93 even?
False
Is 2760 a multiple of 10?
True
Is 13 a factor of 19393?
False
Is 156 a multiple of 6?
True
Is 45 a factor of 2615?
False
Is 80 a factor of 2519?
False
Is 77 a factor of 18791?
False
Does 43 divide 989?
True
Is 13 a factor of 111?
False
Is 68 a factor of 43141?
False
Is 30 a factor of 540?
True
Is 80 a factor of 2480?
True
Is 147 a factor of 10143?
True
Does 4 divide 1608?
True
Is 23080 a multiple of 76?
False
Is 80 a multiple of 11?
False
Does 29 divide 3741?
True
Is 352 a multiple of 8?
True
Is 17 a factor of 952?
True
Is 10 a factor of 230?
True
Is 360 a multiple of 6?
True
Is 11264 a multiple of 8?
True
Is 94 a multiple of 3?
False
Is 128 a multiple of 64?
True
Is 172 a multiple of 5?
False
Is 1750 a multiple of 36?
False
Is 22 a factor of 15532?
True
Is 62 a factor of 7316?
True
Does 41 divide 6631?
False
Is 14 a factor of 1974?
True
Does 9 divide 1594?
False
Is 538 a multiple of 12?
False
Does 57 divide 11970?
True
Is 19 a factor of 361?
True
Does 11 divide 385?
True
Is 9425 a multiple of 13?
True
Does 15 divide 465?
True
Does 80 divide 2565?
False
Does 59 divide 143599?
False
Is 35503 a multiple of 30?
False
Is 1588 a multiple of 79?
False
Is 31640 a multiple of 14?
True
Is 97 a factor of 1691?
False
Is 12 a factor of 288?
True
Is 3122 a multiple of 6?
False
Does 51 divide 45645?
True
Is 27 a factor of 1107?
True
Does 6 divide 552?
True
Is 2017 a multiple of 55?
False
Does 8 divide 989?
False
Is 371 a multiple of 15?
False
Does 20 divide 280?
True
Is 58 a factor of 57304?
True
Is 1648 a multiple of 83?
False
Is 29 a factor of 870?
True
Is 18 a factor of 1584?
True
Is 14 a factor of 11214?
True
Is 40 a factor of 1899?
False
Does 6 divide 357?
False
Is 958 a multiple of 3?
False
Is 2526 a multiple of 11?
False
Is 16 a factor of 5322?
False
Is 10151 a multiple of 34?
False
Is 59628 a multiple of 49?
False
Is 1733 a multiple of 18?
False
Does 11 divide 483?
False
Does 16 divide 2714?
False
Is 3 a factor of 1017?
True
Is 263 a multiple of 11?
False
Is 50 a factor of 19226?
False
Is 6633 a multiple of 99?
True
Is 5 a factor of 1630?
True
Is 29340 a multiple of 36?
True
Does 11 divide 660?
True
Is 7095 a multiple of 5?
True
Is 39552 a multiple of 384?
True
Is 17 a factor of 7407?
False
Is 288 a multiple of 21?
False
Is 32 a factor of 60403?
False
Does 28 divide 449?
False
Is 37 a factor of 1147?
True
Is 2 a factor of 283?
False
Is 1909 a multiple of 9?
False
Is 4 a factor of 1828?
True
Is 1160 a multiple of 22?
False
Is 5508 a multiple of 34?
True
Does 198 divide 8910?
True
Does 8 divide 1744?
True
Is 3 a factor of 3051?
True
Does 11 divide 77?
True
Does 3 divide 1987?
False
Is 40775 a multiple of 39?
False
Is 4 a factor of 624?
True
Does 140 divide 2563?
False
Is 139 a multiple of 2?
False
Is 1525 a multiple of 25?
True
Is 38160 a multiple of 23?
False
Is 4065 a multiple of 7?
False
Does 5 divide 20924?
False
Is 1708 a multiple of 61?
True
Does 17 divide 1241?
True
Does 7 divide 13874?
True
Is 8 a factor of 818?
False
Is 23 a factor of 10166?
True
Is 42 a factor of 4423?
False
Is 1590 a multiple of 6?
True
Does 17 divide 2972?
False
Does 49 divide 21855?
False
Does 13 divide 43797?
True
Does 10 divide 8704?
False
Is 48 a factor of 849?
False
Does 106 divide 32606?
False
Does 12 divide 49969?
False
Is 15 a factor of 37240?
False
Is 68 a factor of 2516?
True
Is 76 a factor of 13123?
False
Is 13 a factor of 4251?
True
Is 7 a factor of 162?
False
Is 1440 a multiple of 18?
True
Is 39 a factor of 1521?
True
Is 3266 a multiple of 35?
False
Is 41447 a multiple of 28?
False
Is 3780 a multiple of 6?
True
Is 8 a factor of 327?
False
Is 3 a factor of 597?
True
Is 152 a factor of 101232?
True
Does 98 divide 686?
True
Is 1085 a multiple of 110?
False
Is 7089 a multiple of 14?
False
Does 9 divide 7443?
True
Is 79 a factor of 508?
False
Is 19 a factor of 1235?
True
Is 112 a factor of 14309?
False
Is 52 a factor of 1768?
True
Does 59 divide 1475?
True
Is 1458 a multiple of 9?
True
Is 45 a factor of 1622?
False
Does 13 divide 299?
True
Does 11 divide 198?
True
Is 28 a factor of 336?
True
Is 15 a factor of 150?
True
Is 4255 a multiple of 5?
True
Does 6 divide 17634?
True
Does 12 divide 360?
True
Is 31140 a multiple of 65?
False
Does 6 divide 240?
True
Is 30 a factor of 2321?
False
Is 22 a factor of 1361?
False
Is 29 a factor of 116967?
False
Is 54 a multiple of 54?
True
Does 30 divide 1560?
True
Does 52 divide 1617?
False
Is 3 a factor of 19842?
True
Does 8 divide 158?
False
Is 2533 a multiple of 84?
False
Does 9 divide 1350?
True
Is 13542 a multiple of 74?
True
Is 302 a factor of 34730?
True
Is 94 a factor of 4942?
False
Is 3850 a multiple of 35?
True
Is 14 a factor of 756?
True
Is 396 a multiple of 9?
True
Is 30 a factor of 4080?
True
Is 12 a factor of 7547?
False
Is 47 a factor of 494?
False
Does 35 divide 654?
False
Is 833 a multiple of 49?
True
Does 142 divide 6540?
False
Is 6306 a multiple of 40?
False
Is 56 a factor of 5043?
False
Is 5 a factor of 671?
False
Does 44 divide 924?
True
Is 